{"id":223,"date":"2018-06-15T10:41:09","date_gmt":"2018-06-15T08:41:09","guid":{"rendered":"http:\/\/www.ff-johnsdorf-brunn.at\/word1press\/?page_id=223"},"modified":"2018-08-13T14:45:07","modified_gmt":"2018-08-13T12:45:07","slug":"hlf-2","status":"publish","type":"page","link":"https:\/\/www.ff-johnsdorf-brunn.at\/word1press\/?page_id=223","title":{"rendered":"Ger\u00e4te &#8211; HLF 2"},"content":{"rendered":"<div id=\"pl-223\"  class=\"panel-layout\" >\n<div id=\"pg-223-0\"  class=\"panel-grid panel-no-style\" >\n<div id=\"pgc-223-0-0\"  class=\"panel-grid-cell\"  data-weight=\"1\" >\n<div id=\"panel-223-0-0-0\" class=\"so-panel widget widget_sow-editor panel-first-child panel-last-child\" data-index=\"0\" data-style=\"{&quot;background_image_attachment&quot;:false,&quot;background_display&quot;:&quot;tile&quot;}\" >\n<div class=\"so-widget-sow-editor so-widget-sow-editor-base\">\n<div class=\"siteorigin-widget-tinymce textwidget\">\n<div id=\"c118\" class=\" \">\n<header>\n<h3>Technische Daten und Ausr\u00fcstung<\/h3>\n<p>&nbsp;<\/p>\n<\/header>\n<\/div>\n<div class=\"row\">\n<div class=\"col-md-6\">\n<div id=\"c120\" class=\" \">\n<div class=\"ce-textpic ce-right ce-intext\">\n<div class=\"ce-bodytext\">\n<p><b>Baujahr:<\/b> 2018<br \/>\n<b>Marke:<\/b> MAN 14.290<br \/>\n<b>Aufbau:<\/b> GIMAEX<br \/>\n<b>Motor: <\/b>D0836LFL70<br \/>\n<b>Leistung: <\/b>213 kW<br \/>\n<b>Getriebe: <\/b>Allrad zuschaltbar<b>,<\/b> Automatik<b><br \/>\nMannst\u00e4rke:<\/b> 7 Mann<b><br \/>\n<\/b><\/p>\n<p><b><div class=\"su-spacer\" style=\"height:20px\"><\/div><\/b><\/p>\n<p><b>Beladung:<\/b><\/p>\n<ul>\n<li>2500l Wassertank<\/li>\n<li>100l Schaumtank<\/li>\n<li>W\u00e4rmebildkamera<\/li>\n<li>Druckbel\u00fcfter<\/li>\n<li>Notstromaggregat 20 kVA<\/li>\n<li>Atemschutz<\/li>\n<li>Hitzeschutz<\/li>\n<li>ATS-\u00dcberwachungsger\u00e4t<\/li>\n<li>Lichtmasten<\/li>\n<li>Motors\u00e4ge<\/li>\n<li>SAN-Rucksack<\/li>\n<li>div. Handwerkzeuge<\/li>\n<\/ul>\n<\/div>\n<\/div>\n<\/div>\n<\/div>\n<\/div>\n<p><!--more--><\/p>\n<div class=\"n2-has-copy n2-code n2-ss-slider-shortcode-id\" style=\"text-align: center;\">\n<div class=\"n2-has-copy n2-code n2-ss-slider-shortcode-id\"><\/div>\n<\/div>\n<p><!--more--><\/p>\n<p style=\"text-align: center;\"><a href=\"https:\/\/www.ff-johnsdorf-brunn.at\/word1press\/?page_id=771\"><a href=\"https:\/\/www.ff-johnsdorf-brunn.at\/word1press\/?page_id=771\" class=\"su-button su-button-style-default\" style=\"color:#FFFFFF;background-color:#f70000;border-color:#c60000;border-radius:6px\" target=\"_self\"><span style=\"color:#FFFFFF;padding:0px 18px;font-size:14px;line-height:28px;border-color:#fa4d4d;border-radius:6px;text-shadow:none\"> Zur\u00fcck<\/span><\/a><\/a><\/p>\n<\/div>\n<\/div>\n<\/div>\n<\/div>\n<\/div>\n<\/div>\n","protected":false},"excerpt":{"rendered":"<p>Technische Daten und Ausr\u00fcstung &nbsp; Baujahr: 2018 Marke: MAN 14.290 Aufbau: GIMAEX Motor: D0836LFL70 Leistung: 213 kW Getriebe: Allrad zuschaltbar, Automatik Mannst\u00e4rke: 7 Mann Beladung: 2500l Wassertank 100l Schaumtank W\u00e4rmebildkamera Druckbel\u00fcfter Notstromaggregat 20 kVA Atemschutz Hitzeschutz ATS-\u00dcberwachungsger\u00e4t Lichtmasten Motors\u00e4ge SAN-Rucksack div. Handwerkzeuge<\/p>\n","protected":false},"author":1,"featured_media":0,"parent":0,"menu_order":0,"comment_status":"closed","ping_status":"closed","template":"","meta":{"footnotes":""},"_links":{"self":[{"href":"https:\/\/www.ff-johnsdorf-brunn.at\/word1press\/index.php?rest_route=\/wp\/v2\/pages\/223"}],"collection":[{"href":"https:\/\/www.ff-johnsdorf-brunn.at\/word1press\/index.php?rest_route=\/wp\/v2\/pages"}],"about":[{"href":"https:\/\/www.ff-johnsdorf-brunn.at\/word1press\/index.php?rest_route=\/wp\/v2\/types\/page"}],"author":[{"embeddable":true,"href":"https:\/\/www.ff-johnsdorf-brunn.at\/word1press\/index.php?rest_route=\/wp\/v2\/users\/1"}],"replies":[{"embeddable":true,"href":"https:\/\/www.ff-johnsdorf-brunn.at\/word1press\/index.php?rest_route=%2Fwp%2Fv2%2Fcomments&post=223"}],"version-history":[{"count":25,"href":"https:\/\/www.ff-johnsdorf-brunn.at\/word1press\/index.php?rest_route=\/wp\/v2\/pages\/223\/revisions"}],"predecessor-version":[{"id":878,"href":"https:\/\/www.ff-johnsdorf-brunn.at\/word1press\/index.php?rest_route=\/wp\/v2\/pages\/223\/revisions\/878"}],"wp:attachment":[{"href":"https:\/\/www.ff-johnsdorf-brunn.at\/word1press\/index.php?rest_route=%2Fwp%2Fv2%2Fmedia&parent=223"}],"curies":[{"name":"wp","href":"https:\/\/api.w.org\/{rel}","templated":true}]}}